{"id":19,"date":"2022-11-17T12:04:01","date_gmt":"2022-11-17T12:04:01","guid":{"rendered":"https:\/\/hidheilaga.arnastofnun.is\/?page_id=19"},"modified":"2022-11-17T12:05:37","modified_gmt":"2022-11-17T12:05:37","slug":"um-verkefnid","status":"publish","type":"page","link":"https:\/\/hidheilaga.arnastofnun.is\/?page_id=19","title":{"rendered":"Um verkefni\u00f0"},"content":{"rendered":"\n<p>Samspili\u00f0 milli hins heilaga og vanheilaga \u00ed handritum og prentu\u00f0um b\u00f3kum \u00e1 tveimur \u00f3l\u00edkum t\u00edmabilum \u00ed \u00edslenskri b\u00f3kmenntas\u00f6gu, sautj\u00e1ndu \u00f6ld og n\u00edtj\u00e1ndu \u00f6ld, er vi\u00f0fangsefni \u00feessa verkefnis. \u00c1 b\u00e1\u00f0um t\u00edmaskei\u00f0um var tilhneiging til a\u00f0 l\u00edta ni\u00f0ur \u00e1 \u00fea\u00f0 sem kalla\u00f0 var hj\u00e1tr\u00faarfullt og smekklaust og \u00fdta \u00feannig til hli\u00f0ar \u00e1kve\u00f0num tegundum kve\u00f0skapar og sagna og koma \u00ed veg fyrir \u00fatbrei\u00f0slu \u00feeirra. M\u00f6rkin milli \u00e6skilegra og \u00f3\u00e6skilegra b\u00f3kmennta f\u00e6r\u00f0ust st\u00f6\u00f0ugt til \u00e1 \u00fev\u00ed \u00feriggja alda skei\u00f0i sem h\u00e9r um r\u00e6\u00f0ir. \u00cd verkefninu ver\u00f0ur sko\u00f0a\u00f0 hvernig b\u00f3kmenntalegir textar hafa veri\u00f0 me\u00f0h\u00f6ndla\u00f0ir \u00e1 \u00e1kve\u00f0num t\u00edmaskei\u00f0um, \u00fear \u00e1 me\u00f0al hvernig reynt var me\u00f0 \u00fdmsum a\u00f0fer\u00f0um a\u00f0 halda hinum vanheil\u00f6gu r\u00edmum ni\u00f0ri og hvernig sumir tr\u00faarlegir textar voru afhelga\u00f0ir vegna breyttra vi\u00f0horfa, einkum hj\u00e1 \u00feeim sem stj\u00f3rnu\u00f0u prentverkinu \u00e1 hverjum t\u00edma.<\/p>\n\n\n\n<h4 class=\"wp-block-heading\">A\u00f0standendur verkefnisins<\/h4>\n\n\n\n<div class=\"wp-block-columns is-layout-flex wp-container-core-columns-is-layout-28f84493 wp-block-columns-is-layout-flex\">\n<div class=\"wp-block-column is-layout-flow wp-block-column-is-layout-flow\">\n<h6 class=\"wp-block-heading\">Magr\u00e9t Eggertsd\u00f3ttir<\/h6>\n\n\n\n<figure class=\"wp-block-image size-large\"><img loading=\"lazy\" decoding=\"async\" width=\"1024\" height=\"863\" src=\"https:\/\/hidheilaga.arnastofnun.is\/wp-content\/uploads\/2022\/11\/starfsfolk_myndir_Margret_Eggertsdottir-1024x863.jpg\" alt=\"\" class=\"wp-image-20\" srcset=\"https:\/\/hidheilaga.arnastofnun.is\/wp-content\/uploads\/2022\/11\/starfsfolk_myndir_Margret_Eggertsdottir-1024x863.jpg 1024w, https:\/\/hidheilaga.arnastofnun.is\/wp-content\/uploads\/2022\/11\/starfsfolk_myndir_Margret_Eggertsdottir-300x253.jpg 300w, https:\/\/hidheilaga.arnastofnun.is\/wp-content\/uploads\/2022\/11\/starfsfolk_myndir_Margret_Eggertsdottir-768x647.jpg 768w, https:\/\/hidheilaga.arnastofnun.is\/wp-content\/uploads\/2022\/11\/starfsfolk_myndir_Margret_Eggertsdottir-1536x1294.jpg 1536w, https:\/\/hidheilaga.arnastofnun.is\/wp-content\/uploads\/2022\/11\/starfsfolk_myndir_Margret_Eggertsdottir.jpg 2048w\" sizes=\"auto, (max-width: 1024px) 100vw, 1024px\" \/><\/figure>\n<\/div>\n\n\n\n<div class=\"wp-block-column is-layout-flow wp-block-column-is-layout-flow\">\n<h6 class=\"wp-block-heading\">Katelin Parsons<\/h6>\n\n\n\n<figure class=\"wp-block-gallery has-nested-images columns-default is-cropped wp-block-gallery-1 is-layout-flex wp-block-gallery-is-layout-flex\">\n<figure class=\"wp-block-image size-large\"><img loading=\"lazy\" decoding=\"async\" width=\"1024\" height=\"862\" data-id=\"21\" src=\"https:\/\/hidheilaga.arnastofnun.is\/wp-content\/uploads\/2022\/11\/starfsfolk_myndir_Katelin_Parsons-1024x862.jpg\" alt=\"\" class=\"wp-image-21\" srcset=\"https:\/\/hidheilaga.arnastofnun.is\/wp-content\/uploads\/2022\/11\/starfsfolk_myndir_Katelin_Parsons-1024x862.jpg 1024w, https:\/\/hidheilaga.arnastofnun.is\/wp-content\/uploads\/2022\/11\/starfsfolk_myndir_Katelin_Parsons-300x253.jpg 300w, https:\/\/hidheilaga.arnastofnun.is\/wp-content\/uploads\/2022\/11\/starfsfolk_myndir_Katelin_Parsons-768x646.jpg 768w, https:\/\/hidheilaga.arnastofnun.is\/wp-content\/uploads\/2022\/11\/starfsfolk_myndir_Katelin_Parsons.jpg 1478w\" sizes=\"auto, (max-width: 1024px) 100vw, 1024px\" \/><\/figure>\n<\/figure>\n<\/div>\n<\/div>\n","protected":false},"excerpt":{"rendered":"<p>Samspili\u00f0 milli hins heilaga og vanheilaga \u00ed handritum og prentu\u00f0um b\u00f3kum \u00e1 tveimur \u00f3l\u00edkum t\u00edmabilum \u00ed \u00edslenskri b\u00f3kmenntas\u00f6gu, sautj\u00e1ndu \u00f6ld og n\u00edtj\u00e1ndu \u00f6ld, er vi\u00f0fangsefni \u00feessa verkefnis. \u00c1 b\u00e1\u00f0um t\u00edmaskei\u00f0um var tilhneiging til a\u00f0 l\u00edta ni\u00f0ur \u00e1 \u00fea\u00f0 sem kalla\u00f0 var hj\u00e1tr\u00faarfullt og smekklaust og \u00fdta \u00feannig til hli\u00f0ar \u00e1kve\u00f0num tegundum kve\u00f0skapar og sagna og [&hellip;]<\/p>\n","protected":false},"author":2,"featured_media":0,"parent":0,"menu_order":0,"comment_status":"closed","ping_status":"closed","template":"page-no-separators","meta":{"footnotes":""},"class_list":["post-19","page","type-page","status-publish","hentry"],"_links":{"self":[{"href":"https:\/\/hidheilaga.arnastofnun.is\/index.php?rest_route=\/wp\/v2\/pages\/19","targetHints":{"allow":["GET"]}}],"collection":[{"href":"https:\/\/hidheilaga.arnastofnun.is\/index.php?rest_route=\/wp\/v2\/pages"}],"about":[{"href":"https:\/\/hidheilaga.arnastofnun.is\/index.php?rest_route=\/wp\/v2\/types\/page"}],"author":[{"embeddable":true,"href":"https:\/\/hidheilaga.arnastofnun.is\/index.php?rest_route=\/wp\/v2\/users\/2"}],"replies":[{"embeddable":true,"href":"https:\/\/hidheilaga.arnastofnun.is\/index.php?rest_route=%2Fwp%2Fv2%2Fcomments&post=19"}],"version-history":[{"count":1,"href":"https:\/\/hidheilaga.arnastofnun.is\/index.php?rest_route=\/wp\/v2\/pages\/19\/revisions"}],"predecessor-version":[{"id":22,"href":"https:\/\/hidheilaga.arnastofnun.is\/index.php?rest_route=\/wp\/v2\/pages\/19\/revisions\/22"}],"wp:attachment":[{"href":"https:\/\/hidheilaga.arnastofnun.is\/index.php?rest_route=%2Fwp%2Fv2%2Fmedia&parent=19"}],"curies":[{"name":"wp","href":"https:\/\/api.w.org\/{rel}","templated":true}]}}

Um verkefnið

<p>Samspilið milli hins heilaga og vanheilaga í handritum og prentuðum bókum á tveimur ólíkum tímabilum í íslenskri bókmenntasögu, sautjándu öld og nítjándu öld, er viðfangsefni þessa verkefnis. Á báðum tímaskeiðum var tilhneiging til að líta niður á það sem kallað var hjátrúarfullt og smekklaust og ýta þannig til hliðar ákveðnum tegundum kveðskapar og sagna og koma í veg fyrir útbreiðslu þeirra. Mörkin milli æskilegra og óæskilegra bókmennta færðust stöðugt til á því þriggja alda skeiði sem hér um ræðir. Í verkefninu verður skoðað hvernig bókmenntalegir textar hafa verið meðhöndlaðir á ákveðnum tímaskeiðum, þar á meðal hvernig reynt var með ýmsum aðferðum að halda hinum vanheilögu rímum niðri og hvernig sumir trúarlegir textar voru afhelgaðir vegna breyttra viðhorfa, einkum hjá þeim sem stjórnuðu prentverkinu á hverjum tíma.</p>



<h4 class="wp-block-heading">Aðstandendur verkefnisins</h4>



<div class="wp-block-columns is-layout-flex wp-container-core-columns-is-layout-28f84493 wp-block-columns-is-layout-flex">
<div class="wp-block-column is-layout-flow wp-block-column-is-layout-flow">
<h6 class="wp-block-heading">Magrét Eggertsdóttir</h6>



<figure class="wp-block-image size-large"><img loading="lazy" decoding="async" width="1024" height="863" src="https://hidheilaga.arnastofnun.is/wp-content/uploads/2022/11/starfsfolk_myndir_Margret_Eggertsdottir-1024x863.jpg" alt="" class="wp-image-20" srcset="https://hidheilaga.arnastofnun.is/wp-content/uploads/2022/11/starfsfolk_myndir_Margret_Eggertsdottir-1024x863.jpg 1024w, https://hidheilaga.arnastofnun.is/wp-content/uploads/2022/11/starfsfolk_myndir_Margret_Eggertsdottir-300x253.jpg 300w, https://hidheilaga.arnastofnun.is/wp-content/uploads/2022/11/starfsfolk_myndir_Margret_Eggertsdottir-768x647.jpg 768w, https://hidheilaga.arnastofnun.is/wp-content/uploads/2022/11/starfsfolk_myndir_Margret_Eggertsdottir-1536x1294.jpg 1536w, https://hidheilaga.arnastofnun.is/wp-content/uploads/2022/11/starfsfolk_myndir_Margret_Eggertsdottir.jpg 2048w" sizes="auto, (max-width: 1024px) 100vw, 1024px" /></figure>
</div>



<div class="wp-block-column is-layout-flow wp-block-column-is-layout-flow">
<h6 class="wp-block-heading">Katelin Parsons</h6>



<figure class="wp-block-gallery has-nested-images columns-default is-cropped wp-block-gallery-1 is-layout-flex wp-block-gallery-is-layout-flex">
<figure class="wp-block-image size-large"><img loading="lazy" decoding="async" width="1024" height="862" data-id="21" src="https://hidheilaga.arnastofnun.is/wp-content/uploads/2022/11/starfsfolk_myndir_Katelin_Parsons-1024x862.jpg" alt="" class="wp-image-21" srcset="https://hidheilaga.arnastofnun.is/wp-content/uploads/2022/11/starfsfolk_myndir_Katelin_Parsons-1024x862.jpg 1024w, https://hidheilaga.arnastofnun.is/wp-content/uploads/2022/11/starfsfolk_myndir_Katelin_Parsons-300x253.jpg 300w, https://hidheilaga.arnastofnun.is/wp-content/uploads/2022/11/starfsfolk_myndir_Katelin_Parsons-768x646.jpg 768w, https://hidheilaga.arnastofnun.is/wp-content/uploads/2022/11/starfsfolk_myndir_Katelin_Parsons.jpg 1478w" sizes="auto, (max-width: 1024px) 100vw, 1024px" /></figure>
</figure>
</div>
</div>

<p>Samspilið milli hins heilaga og vanheilaga í handritum og prentuðum bókum á tveimur ólíkum tímabilum í íslenskri bókmenntasögu, sautjándu öld og nítjándu öld, er viðfangsefni þessa verkefnis. Á báðum tímaskeiðum var tilhneiging til að líta niður á það sem kallað var hjátrúarfullt og smekklaust og ýta þannig til hliðar ákveðnum tegundum kveðskapar og sagna og [&hellip;]</p>
